
5
Let x be (4/5)/(20/50). Suppose 5*b + 4*r - 7 = 9, 8 = b + 2*r. Let j = x + b. List the prime factors of j.
2
Let d be 2 + (0 - 6/3). Suppose -o - 2*j = 3*j - 15, d = -2*o + 4*j + 2. List the prime factors of o.
5
Suppose 5*n + 5*q = 10, 2*q + 3*q + 10 = 0. Suppose 0 = -2*b - n*z - 24, 0 = 3*b + 2*z + 8 + 48. Let s = b - -41. What are the prime factors of s?
19
Let y be ((-32)/(-24))/(4/402). Suppose -2*f - n + y = 2*f, 0 = 3*f - 3*n - 93. List the prime factors of f.
3, 11
Suppose l - 100 = -4*o, 3 = -3*l - 9. What are the prime factors of o?
2, 13
Let p(v) = 2*v**2 + 5*v + 2. Let u(b) = -b. Let h be u(4). What are the prime factors of p(h)?
2, 7
Let p(g) = -g**3 + 3*g**2 + 4*g + 5. Let s be p(4). List the prime factors of 1/(((-10)/(-16))/s).
2
Suppose -105 = -4*n - 5*p, 3*n - 2*p = -7*p + 85. Let f be (-38)/(-14) - 4/(-14). Suppose n = -4*l, 4*l - 3*l = -o + f. List the prime factors of o.
2
Let y be 8/28 + (-66)/(-14). Suppose -z - y*d - 1 = 1, 49 = 4*z + d. What are the prime factors of z?
13
Let d(t) = 2*t - 11. Let m(o) = 2*o - 11. Let f(q) = -4*d(q) + 3*m(q). Let h(n) = -4*n + 23. Let j(z) = -5*f(z) + 2*h(z). What are the prime factors of j(7)?
5
Let d = -81 + 114. What are the prime factors of d?
3, 11
Let r = 198 - 139. List the prime factors of r.
59
Suppose 51 = l - 3*i, 2*l - 5*i = 42 + 63. What are the prime factors of l?
2, 3, 5
Let l(t) = -t + 3. Let w = 18 - 11. Let p be l(w). Let r = p - -9. What are the prime factors of r?
5
Suppose 41*r - 42*r = -317. List the prime factors of r.
317
Suppose -46 - 10 = 2*l. Let x = 20 + l. Let m = x - -19. List the prime factors of m.
11
What are the prime factors of ((-21)/(-14))/(2/4)?
3
List the prime factors of (4 + -83 - 3)*-1.
2, 41
Suppose 3*q = a + 322, q + 41 = 3*a + 143. What are the prime factors of q?
2, 3
What are the prime factors of (-280)/(-21)*(-9)/(-2)?
2, 3, 5
Let t = 54 + -21. What are the prime factors of t?
3, 11
Suppose -5*p - 4*h + 0 = 1, -4*p - 7 = -3*h. List the prime factors of 39 - ((-3)/(-3) - p).
37
Let i(d) = d**3 + 6*d**2 - d - 6. Let z be i(-6). Suppose 5*u - 3 - 7 = z. List the prime factors of (-22 - u)*2/(-4).
2, 3
Let x(a) = 20*a**2 + 2*a + a - 7*a - 3. Let q be x(-2). Suppose 5*t = -0*t + q. What are the prime factors of t?
17
Let x = -345 - -556. List the prime factors of x.
211
Let a be -1*1 + (10 - -1). Let b = 18 - a. What are the prime factors of b?
2
Suppose -176 + 635 = 3*q. What are the prime factors of (-3)/12 + q/4?
2, 19
Let v = -20 - -28. What are the prime factors of (-2)/v + 84/16?
5
Let g(d) be the second derivative of d**5/20 + d**4/12 + d**2 + 3*d. What are the prime factors of g(0)?
2
List the prime factors of (-144 - 2)*2/(-4).
73
Let a be 0/(-1 - 2) + 9. Suppose -r + a = -1. List the prime factors of r.
2, 5
Let p = -33 - -16. Let b = p + 31. List the prime factors of b.
2, 7
List the prime factors of (-498)/(-4) + (20/8)/(-5).
2, 31
Let n = 181 - 103. List the prime factors of n.
2, 3, 13
Suppose -2*r - 6 = -4*r. Suppose -55 = r*p - 190. List the prime factors of p.
3, 5
Let q = 10 + 2. Let n = 7 + -5. Suppose -a - 57 = -5*z, -z + n*a = -q - 3. List the prime factors of z.
11
Let f be (-12)/18 + 112/6. List the prime factors of 698/f - (-4)/18.
3, 13
Suppose -5*v - 416 = -4*y, 2*y - 2*v - 268 = -58. List the prime factors of y.
109
Suppose 0 = -25*k + 18*k + 392. What are the prime factors of k?
2, 7
Let d(m) = m + 2. Suppose f = -f. List the prime factors of d(f).
2
Let k(i) = -2*i. Let l be k(-1). Let t = 6 - l. Suppose -o + 0 = v - 9, 5*o - 47 = -t*v. List the prime factors of o.
11
Let w be 48/(1/((-8)/(-12))). Suppose -c - 3*r + 34 = 0, 3*c - 156 = 2*r - w. List the prime factors of c.
2, 5
Let h = 1 - -2. Suppose x = -h*v + 18, -3*v - 7 + 37 = 3*x. What are the prime factors of x?
2, 3
List the prime factors of ((-65)/(-2))/(2/4).
5, 13
Let s(r) = 8*r - 31. What are the prime factors of s(9)?
41
Let q be -1 - -3*(-2)/(-3). Let d be (-2 - -4 - 6)*q. List the prime factors of 3/d*(1 + -5).
3
Suppose -5*r - 2*r + 462 = 0. List the prime factors of r.
2, 3, 11
Let m(i) = i**3 - 3*i**2 - 3*i - 1. Let u be m(4). Let b be (2/2 - 0) + u. Suppose b*q + 5 = -2*k + 1, 22 = k - 4*q. What are the prime factors of k?
2, 3
Let w(b) = -3*b - 8. Let x be w(-6). List the prime factors of (1 - 1) + x*1.
2, 5
Let n = -11 + 17. Suppose -n*f + 5*f = -12. What are the prime factors of f?
2, 3
List the prime factors of -1*2/(6/(-153)).
3, 17
Let s(j) = -j**2 + 4*j + 4. Let u be s(5). Let q = 3 + u. What are the prime factors of q?
2
Let h = 75 - 51. What are the prime factors of h?
2, 3
Suppose 15*k - 10*k - 215 = 0. What are the prime factors of k?
43
Let y(t) = 4. Let w(u) = u + 13. Let i(n) = -3*w(n) + 8*y(n). What are the prime factors of i(-7)?
2, 7
Let y = 10 + -15. Let p = y + 1. List the prime factors of 2 + 4 + p + 2.
2
Suppose -m = -9*m + 192. List the prime factors of m.
2, 3
Let b(n) = 31*n + 30. List the prime factors of b(7).
13, 19
Suppose 2*m - 98 = 5*a, -3*m = a - 7*m + 16. What are the prime factors of 3 + a/4 + 25?
23
Suppose -4*p = -4*u - 352, -174 = -3*p + p + 4*u. What are the prime factors of p?
89
Let l be -1*2 - (-6 - -2). Suppose r = 5*r - 12. Suppose -k + 0*k + 15 = -l*f, k = r*f + 20. What are the prime factors of k?
5
Suppose 0*d - 8 = -d. Let t = -5 + d. Let u = 11 - t. What are the prime factors of u?
2
Suppose 0 = 2*f - 3*f + 3. Suppose 4*w - 3*o + 1 = 0, -f*w = -w + 3*o + 5. What are the prime factors of w + (1 - -1) + 4?
5
Suppose 2*u = -5*v + 22, -5*u - 4*v + 11 + 10 = 0. What are the prime factors of (-1 + u - -3) + 14?
17
Let l(w) = w + 3. Let q be l(5). Suppose -7 = -5*t + q. List the prime factors of t.
3
Let t(d) = 5*d**2 - 2*d - 4. List the prime factors of t(2).
2, 3
Suppose -9 = i + 4*o, 5*o + 3 + 24 = 4*i. Suppose -i*y + 2*m = -93, 0*m + 15 = 5*m. List the prime factors of y.
3, 11
Suppose -n - 3*d = 2*d + 26, 3*n - 2*d + 10 = 0. Let a = 8 + n. What are the prime factors of a?
2
Let s = 96 - -85. Suppose 0 = -5*w + s + 59. Suppose -5*d + w = -d. List the prime factors of d.
2, 3
Let d(p) = -9*p**2 - 3*p + 4. Let g(o) = -o**2 + 1. Let h(j) = -d(j) + 4*g(j). What are the prime factors of h(-2)?
2, 7
Let c(x) = -x + 10. Let s be c(9). What are the prime factors of s - 1/((-2)/20)?
11
Let q(f) = -2*f**2. Let u be q(-1). Let h(s) = -15*s. What are the prime factors of h(u)?
2, 3, 5
Let r(u) = u - 16. Let v be r(10). Let h = 24 + v. List the prime factors of h.
2, 3
Let f(t) = -t**3 - 10*t**2 + 6*t + 5. Let d be f(-11). What are the prime factors of (24/10)/(18/d)?
2
Let m be (1 + 1)/(-2) + 5. Suppose 0 = m*l - 3*l + 6. List the prime factors of (-4 - -13)/(l/(-4)).
2, 3
Let b(u) = -12*u**3 - 4*u**2 + 2*u + 7. List the prime factors of b(-3).
17
Let k(o) = 11*o**2 - 2*o - 1. Let u be k(3). Suppose d - u = -d. List the prime factors of d.
2, 23
Let r(g) = 3*g - 2. Let a be r(4). Let m = a + 8. Suppose 4*v - 4*q - m - 10 = 0, -5*v + 45 = -3*q. What are the prime factors of v?
2, 3
Suppose 6*w = -q + 2*w + 15, 2*w = 2*q + 10. Let l = 10 + q. List the prime factors of l.
3
Suppose 6*q = 4*l + 2*q - 24, q - 12 = -5*l. Suppose 4 = l*s - 2*x - 20, 0 = 4*s + 4*x - 52. What are the prime factors of s?
2, 5
Suppose -39 = -4*w + k, 0*w + 5*k + 6 = -w. Suppose -3*n + 30 + w = 0. List the prime factors of n.
13
Suppose -4*a + 166 = -118. List the prime factors of a.
71
Let z = -44 + 65. Let v = z - 10. List the prime factors of v.
11
Suppose 121*n = 124*n - 408. List the prime factors of n.
2, 17
Let o be (6 - 0)*11/22. Suppose 0 = -j + 3*a + 2*a + 28, -4*j + o*a + 78 = 0. List the prime factors of j.
2, 3
Let w be 1/1 - (-2 - -7). Let t be 9/6 - 2/w. Suppose f - 45 = -t*f. List the prime factors of f.
3, 5
Suppose 0 = -4*g - 26 - 38. Let n = 1 - g. What are the prime factors of n?
17
Let n(b) be the first derivative of b**2/2 + 13*b + 2. Let f be n(-7). Suppose 3*p + 2 = -y - f, 0 = -5*p - 25. What are the prime factors of y?
7
Let i be (-9)/(-6) + 1/2. Suppose 2*j - i*u - 10 = -0*j, -3*j + 5*u = -5. List the prime factors of j.
2, 5
Let c(w) = 2*w**2 - 19*w + 13. List the prime factors of c(9).
2
Let a(t) = -8*t + 13. Let n be a(-6). Let z = -13 + n. What are the prime factors of z?
2, 3
Let j be (-8 - 1)/(-1 + 0). 